{"id":3767,"date":"2024-03-25T11:35:36","date_gmt":"2024-03-25T10:35:36","guid":{"rendered":"https:\/\/www.zlataroudna.cz\/gold\/?post_type=product&#038;p=3767"},"modified":"2026-04-19T00:30:33","modified_gmt":"2026-04-18T22:30:33","slug":"100g-investicni-zlaty-slitek-perth-mint-australie","status":"publish","type":"product","link":"https:\/\/zlataroudna.cz\/gold\/shop\/100g-investicni-zlaty-slitek-perth-mint-australie\/","title":{"rendered":"100 g | Investi\u010dn\u00ed zlat\u00fd slitek | Perth Mint | Austr\u00e1lie"},"content":{"rendered":"<h2>100g investi\u010dn\u00ed slitek Australsk\u00e9 spole\u010dnosti Perth Mint<\/h2>\n<p>P\u016fvodn\u00ed australsk\u00e1 ra\u017eebna minc\u00ed Perth Mint byla zalo\u017eena koncem 19. stolet\u00ed jako pobo\u010dka Kr\u00e1lovsk\u00e9 mincovny v Lond\u00fdn\u011b v dob\u011b, kdy za\u010dal z\u00e1padoaustralsk\u00fd popula\u010dn\u00ed r\u016fst z d\u016fvodu zlat\u00e9 hore\u010dky v koloni\u00edch Kalgoorlie a Coolgardie. Nyn\u00ed pat\u0159\u00ed mincovna st\u00e1tn\u00ed t\u011b\u017eebn\u00ed skupin\u011b Gold Corporation jako vlastnictv\u00ed Z\u00e1padn\u00ed Austr\u00e1lie. Spole\u010dnost Perth Mint je zodpov\u011bdn\u00e1 p\u0159edev\u0161\u00edm za rafinaci drah\u00fdch kov\u016f, v\u00fdrobu zlat\u00fdch prut\u016f a ra\u017ebu minc\u00ed.<\/p>\n<p>Na p\u0159edn\u00ed stran\u011b zlat\u00e9ho investi\u010dn\u00edho slitku naleznete logo v\u00fdrobce, v\u00e1hu v gramech i s identifika\u010dn\u00edm \u010d\u00edslem a obr\u00e1zek labut\u011b, tedy loga t\u00e9to australsk\u00e9 mincovny. Z druh\u00e9 strany slitku naleznete zobrazen\u00ed klokana.<\/p>\n<p>Australsk\u00e9 zlat\u00e9 slitky jsou vyroben\u00e9 z 24 kar\u00e1tov\u00e9ho zlata dle standardu Good Delivery (LBMA)<\/p>\n<p>Aktu\u00e1ln\u00ed ceny zlat\u00fdch slitk\u016f jsou nastaveny pro ide\u00e1ln\u00ed n\u00e1kup z\u00e1kazn\u00edka a vych\u00e1zej\u00ed z dan\u00e9ho momentu tr\u017en\u00ed situace a na\u0161ich skladov\u00fdch z\u00e1sob, proto jsou ceny dostupn\u00e9 i na dot\u00e1z\u00e1n\u00ed z\u00e1kazn\u00edka.<\/p>\n<p>Ak\u010dn\u00ed nab\u00eddka 100 g zlat\u00fdch investi\u010dn\u00ed slitk\u016f p\u0159\u00edmo od Zlatnick\u00e9ho domu Roudn\u00e1 v Plzni.<\/p>\n<form id=\"tb_v1ye410-form\" method=\"post\" data-post-id=\"0\" data-element-id=\"v1ye410\" data-orig-id=\"\">&nbsp;<\/p>\n<\/form>\n<p><!--\/themify_builder_static--><\/p>\n","protected":false},"excerpt":{"rendered":"<h2>Zlat\u00fd investi\u010dn\u00ed slitek Australsk\u00e9 spole\u010dnosti Perth Mint 100g<\/h2>\n<p><strong>Velikost: 47 x 27 x 5 mm<\/strong><br \/>\n<strong>Materi\u00e1l: AU 999,9\/1000<\/strong><br \/>\n<strong>V\u00e1ha: 100,00 gram\u016f<\/strong><br \/>\n<strong>Zem\u011b p\u016fvodu: Austr\u00e1lie<\/strong><br \/>\n<strong>Rafin\u00e9r: Perth Mint<\/strong><\/p>\n","protected":false},"featured_media":4070,"template":"","meta":{"_acf_changed":false},"product_cat":[136,198,15],"product_tag":[187,131],"class_list":{"0":"post-3767","1":"product","2":"type-product","3":"status-publish","4":"has-post-thumbnail","6":"product_cat-100-g","7":"product_cat-perth-mint","8":"product_cat-zlate-slitky","9":"product_tag-100-gramu","10":"product_tag-zlaty-slitek","11":"pa_brand-perth-mint","12":"pa_size-100-gramu","14":"first","15":"outofstock","16":"purchasable","17":"product-type-simple"},"acf":[],"_links":{"self":[{"href":"https:\/\/zlataroudna.cz\/gold\/wp-json\/wp\/v2\/product\/3767","targetHints":{"allow":["GET"]}}],"collection":[{"href":"https:\/\/zlataroudna.cz\/gold\/wp-json\/wp\/v2\/product"}],"about":[{"href":"https:\/\/zlataroudna.cz\/gold\/wp-json\/wp\/v2\/types\/product"}],"version-history":[{"count":1,"href":"https:\/\/zlataroudna.cz\/gold\/wp-json\/wp\/v2\/product\/3767\/revisions"}],"predecessor-version":[{"id":6906,"href":"https:\/\/zlataroudna.cz\/gold\/wp-json\/wp\/v2\/product\/3767\/revisions\/6906"}],"wp:featuredmedia":[{"embeddable":true,"href":"https:\/\/zlataroudna.cz\/gold\/wp-json\/wp\/v2\/media\/4070"}],"wp:attachment":[{"href":"https:\/\/zlataroudna.cz\/gold\/wp-json\/wp\/v2\/media?parent=3767"}],"wp:term":[{"taxonomy":"product_cat","embeddable":true,"href":"https:\/\/zlataroudna.cz\/gold\/wp-json\/wp\/v2\/product_cat?post=3767"},{"taxonomy":"product_tag","embeddable":true,"href":"https:\/\/zlataroudna.cz\/gold\/wp-json\/wp\/v2\/product_tag?post=3767"}],"curies":[{"name":"wp","href":"https:\/\/api.w.org\/{rel}","templated":true}]}}