{"id":5358,"date":"2024-03-25T11:20:08","date_gmt":"2024-03-25T10:20:08","guid":{"rendered":"https:\/\/www.zlataroudna.cz\/gold\/shop\/100g-investicni-zlaty-slitek-umicore-belgie\/"},"modified":"2026-04-19T00:30:35","modified_gmt":"2026-04-18T22:30:35","slug":"100g-investicni-zlaty-slitek-umicore-belgie","status":"publish","type":"product","link":"https:\/\/zlataroudna.cz\/gold\/shop\/100g-investicni-zlaty-slitek-umicore-belgie\/","title":{"rendered":"100 g | Investi\u010dn\u00ed zlat\u00fd slitek | Umicore | Belgie"},"content":{"rendered":"<h2>100g | Investi\u010dn\u00ed zlat\u00fd slitek | Umicore | Belgie<\/h2>\n<p>Belgick\u00e9 zlat\u00e9 slitky z 24 kar\u00e1tov\u00e9ho zlata, certifikovan\u00e9 <strong>belgickou firmou Umicore<\/strong>, odpov\u00eddaj\u00ed lond\u00fdnsk\u00e9mu standardu Good Delivery (LBMA) a jsou proto bez probl\u00e9m\u016f akceptov\u00e1ny na v\u0161ech trz\u00edch. Doklad o certifikaci naleznete na svrchn\u00ed stran\u011b slitku s logem v\u00fdrobce, d\u00e1le pak unik\u00e1tn\u00ed v\u00fdrobn\u00ed \u010d\u00edslo s ryzost\u00ed kovu a hmotnost\u00ed.<\/p>\n<p>Umicore NV, p\u0159ed rokem 2001 zn\u00e1m\u00fd jako Union Mini\u00e8re je nadn\u00e1rodn\u00ed spole\u010dnost zab\u00fdvaj\u00edc\u00ed se materi\u00e1lov\u00fdmi technologiemi se s\u00eddlem v Bruselu v Belgii.<\/p>\n<p>Vznikla v roce 1989 slou\u010den\u00edm\u00a0\u010dty\u0159\u00a0spole\u010dnost\u00ed v\u00a0t\u011b\u017eebn\u00edm\u00a0a\u00a0hutn\u00edm\u00a0pr\u016fmyslu, v\u010detn\u011b Union Mini\u00e8re zn\u00e1m\u00e9 p\u0159ed rokem 1968 jako\u00a0Union Mini\u00e8re du Haut Katanga\u00a0. Od t\u00e9 doby se p\u0159etvo\u0159ila na podnik\u00e1n\u00ed v\u00edce zam\u011b\u0159en\u00e9 na\u00a0technologie\u00a0zahrnuj\u00edc\u00ed rafinace a recyklace\u00a0drah\u00fdch kov\u016f\u00a0a v\u00fdroba specializovan\u00fdch produkt\u016f z drah\u00fdch kov\u016f, kobaltu,\u00a0germania\u00a0,\u00a0zinku\u00a0a dal\u0161\u00edch kov\u016f. Spole\u010dnost je sou\u010d\u00e1st\u00ed belgick\u00e9ho srovn\u00e1vac\u00edho\u00a0indexu akciov\u00e9ho trhu\u00a0BEL20\u00a0od sv\u00e9ho zalo\u017een\u00ed v roce 1991.<\/p>\n<p>Investo\u0159i nej\u010dast\u011bji vol\u00ed k n\u00e1kupu zlat\u00e9 cihly od 1 unce (31.1g) po 100g, proto\u017ee investi\u010dn\u00ed zlat\u00e9 slitky ni\u017e\u0161\u00ed hmotnosti maj\u00ed vy\u0161\u0161\u00ed v\u00fdrobn\u00ed n\u00e1klady v p\u0159epo\u010dtu na jeden gram ryz\u00edho materi\u00e1lu.<\/p>\n<p>&nbsp;<\/p>\n<p><!--\/themify_builder_static--><\/p>\n","protected":false},"excerpt":{"rendered":"<p><strong>Investi\u010dn\u00ed zlat\u00fd slitek belgick\u00e9 spole\u010dnosti Umicore 100g<\/strong><\/p>\n<p><strong>Velikost<\/strong>: 49,65 x 28,50 x 3,0 mm<br \/>\n<strong>Materi\u00e1l<\/strong>: AU 999,9\/1000<br \/>\n<strong>V\u00e1ha<\/strong>: 100,00 gram\u016f<br \/>\n<strong>Zem\u011b p\u016fvodu<\/strong>: Belgie<br \/>\n<strong>Rafin\u00e9r<\/strong>: Umicore<\/p>\n<p><strong>Certifikace:<\/strong>\u00a0Ka\u017ed\u00fd slitek je opat\u0159en certifik\u00e1tem pravosti a unik\u00e1tn\u00edm s\u00e9riov\u00fdm \u010d\u00edslem.<\/p>\n<p>&nbsp;<\/p>\n","protected":false},"featured_media":5359,"template":"","meta":{"_acf_changed":false},"product_cat":[136,262,15],"product_tag":[229,230,187,131],"class_list":{"0":"post-5358","1":"product","2":"type-product","3":"status-publish","4":"has-post-thumbnail","6":"product_cat-100-g","7":"product_cat-umicore","8":"product_cat-zlate-slitky","9":"product_tag-akcni-sleva","10":"product_tag-nejprodavanejsi-slitek","11":"product_tag-100-gramu","12":"product_tag-zlaty-slitek","13":"pa_brand-umicore","14":"pa_size-100-gramu","16":"first","17":"outofstock","18":"featured","19":"purchasable","20":"product-type-simple"},"acf":[],"_links":{"self":[{"href":"https:\/\/zlataroudna.cz\/gold\/wp-json\/wp\/v2\/product\/5358","targetHints":{"allow":["GET"]}}],"collection":[{"href":"https:\/\/zlataroudna.cz\/gold\/wp-json\/wp\/v2\/product"}],"about":[{"href":"https:\/\/zlataroudna.cz\/gold\/wp-json\/wp\/v2\/types\/product"}],"version-history":[{"count":3,"href":"https:\/\/zlataroudna.cz\/gold\/wp-json\/wp\/v2\/product\/5358\/revisions"}],"predecessor-version":[{"id":6928,"href":"https:\/\/zlataroudna.cz\/gold\/wp-json\/wp\/v2\/product\/5358\/revisions\/6928"}],"wp:featuredmedia":[{"embeddable":true,"href":"https:\/\/zlataroudna.cz\/gold\/wp-json\/wp\/v2\/media\/5359"}],"wp:attachment":[{"href":"https:\/\/zlataroudna.cz\/gold\/wp-json\/wp\/v2\/media?parent=5358"}],"wp:term":[{"taxonomy":"product_cat","embeddable":true,"href":"https:\/\/zlataroudna.cz\/gold\/wp-json\/wp\/v2\/product_cat?post=5358"},{"taxonomy":"product_tag","embeddable":true,"href":"https:\/\/zlataroudna.cz\/gold\/wp-json\/wp\/v2\/product_tag?post=5358"}],"curies":[{"name":"wp","href":"https:\/\/api.w.org\/{rel}","templated":true}]}}